s. What is the tens digit of k?
4
Let m = 389 + -249. What is the units digit of m?
0
Suppose -13*u = -10*u - 15. Suppose 0 = 3*n - 4*g - 0 + 2, 4*g - 50 = -u*n. What is the units digit of n?
6
What is the thousands digit of (8 - (-70)/(-9)) + (-28436)/(-18)?
1
Suppose 2157 = 2*g + q, g - 3*q - 1061 = -0*q. What is the hundreds digit of g?
0
Let i(u) = 5*u**2 + 7*u + 2. Let p be i(-6). Suppose -4*s + 3*y - p = -683, 4*y = -20. What is the units digit of s?
2
What is the units digit of 3/(9*(4/5892 - 0))?
1
Let n be (0/(-3))/(1*-2). Suppose -2*x - 3 + 151 = n. What is the units digit of x?
4
Let l = 125 - 129. Let n(y) = -4*y**3 - 3*y**2 + 2*y + 7. What is the units digit of n(l)?
7
Let z(d) = -5*d - 27. Let v be z(-6). Suppose 3*q + v*c - 641 = 8*c, 1100 = 5*q - 2*c. What is the hundreds digit of q?
2
Let w be 336/(-2)*49/(-14). Suppose 2*d = 9*d - w. Let j = -24 + d. What is the tens digit of j?
6
Let m = -6 + 4. Let n(s) = 10*s. Let p be n(m). What is the units digit of (-1)/4 - 365/p?
8
Let y(g) = g**3 - 2*g**2 + 7*g - 16. Let c be ((0 + -1)*-1)/(7/28). What is the units digit of y(c)?
4
Let q = 75 - 72. Suppose -q*a + 2*o - o + 13 = 0, -o = 2*a - 7. What is the units digit of a?
4
Let s(x) = -x**3 - 11*x**2 + 9*x - 5. Let d = 10 + -16. Let t(o) = o**2 + o + 1. Let h(m) = d*t(m) - s(m). What is the units digit of h(-6)?
3
What is the tens digit of (-67)/(-201) + 4124/3?
7
Suppose 586 = 223*j - 222*j. What is the units digit of j?
6
Suppose 2*b + 661 - 7371 = 0. What is the units digit of b?
5
Suppose 4*i = -5*f + 2678 + 1266, -5*f + 5*i = -3935. What is the hundreds digit of f?
7
Suppose 2*z = -0*z + 10. Let g(t) = t**3 - 5*t**2 + 2*t + 3. Let x be g(z). Suppose 5*b + 3 - x = 0. What is the units digit of b?
2
Let z = 607 - 99. What is the tens digit of z?
0
Suppose 6*y = -0*y - 24. What is the units digit of 13*14 + (3 + -4 - y)?
5
Suppose 3*f + 4*t = -62, 6*f + 85 = 2*f - 3*t. What is the tens digit of (14/3)/(f/(-231))?
4
Suppose -j + 1 = 0, -k = -4*j + 4 - 2. Suppose 2*p = -5*s - k*p - 300, 2*s + 107 = p. Let v = s + 107. What is the tens digit of v?
5
Suppose 3*d = -12, -5*l + l = 3*d - 132. Suppose 0 = -f + 28 + l. What is the tens digit of f?
6
Suppose 3*v = 4*g + 4 - 16, -12 = -4*g - 5*v. Suppose -g*s - 3*u + 190 = s, 4*s = u + 198. Let a = s - 33. What is the tens digit of a?
1
Suppose 0 = x - 30 - 54. Suppose -a = -b - 81, a - 3*b - x = -b. What is the tens digit of a?
7
Let t = -1692 - -2845. What is the thousands digit of t?
1
Suppose -63 = -2*v - u, -7 - 2 = 3*u. Suppose 7*d - 23 = v. What is the units digit of d?
8
Suppose -8697 = 45*n - 58*n. What is the units digit of n?
9
Suppose -2*n - 63 = -2*v + 341, 5*n + 983 = -4*v. What is the hundreds digit of -2 - 1 - (n - -4)?
1
Suppose -2*t = -3*t + 4. Let g(i) = 28*i - 2. Let m be g(t). Suppose -3*p = -p - 4*u - m, -u = p - 49. What is the units digit of p?
1
Let j(n) = n. Let f be j(3). What is the hundreds digit of f*(-804)/18*1*-1?
1
Let c be 3/(28/(-30) - -1). Let v(k) = 2*k**2 + 11*k - 4. Let r be v(-6). Suppose -r*l = l - c. What is the tens digit of l?
1
Let i(o) = -7*o + 1440. What is the tens digit of i(-62)?
7
Let v = 158 + -133. Suppose -4*w = q - 89, -w - q = 2 - v. What is the tens digit of w?
2
Suppose 0 = -3*x - 18. Let p(h) = h**2 - 3*h - 9. Let i be p(x). Suppose 0 = -4*c + 141 - i. What is the tens digit of c?
2
Let j(d) = -d**3 + 3*d**2 + 6*d - 4. Let c be j(4). Suppose -3*n - 5*y = -26, -c + 2 = -2*y. Suppose -5*a = -n*a + 92. What is the units digit of a?
6
Let h(y) = -12*y**2 + 41*y + 22. Let a(f) = -4*f**2 + 14*f + 7. Let k(p) = 17*a(p) - 6*h(p). What is the units digit of k(8)?
9
Let b(z) = 8*z**2 - 7*z + 85. What is the tens digit of b(-13)?
2
Let u(a) = a + 18. Let k be u(-10). Suppose k*g - 115 = 205. What is the units digit of g?
0
Let k(i) = -i + 4. Let z be k(-3). Suppose -h + x = -z, 4*h - x - 16 = -0. Suppose -h*r = -5*r + 68. What is the tens digit of r?
3
What is the tens digit of ((-132)/(-21))/((-88)/(-42812))?
5
Let x(p) be the second derivative of -p**5/4 - p**4/12 - p**3/6 - 3*p**2/2 - 10*p. What is the units digit of x(-2)?
5
Suppose -4*f - 274 = -6*f - 5*q, 3*q = -f + 136. What is the hundreds digit of f?
1
Suppose -7*y - 10 = -5*y. Let c(l) = -16*l + 16. What is the tens digit of c(y)?
9
Suppose 0 = 5*m + 5*a - 7010, 0 = -5*m + 6*m - 5*a - 1372. What is the tens digit of m?
9
Suppose 39*s = 38*s + 265. What is the tens digit of s?
6
Let z(a) = -4*a - 9. Let s be 6 + -8 - (-1 + -3). Suppose s*j = -2*j - 32. What is the tens digit of z(j)?
2
Let p(f) = 2*f**2 - 4*f - 9. Let w = 14 + -11. Suppose w*v = -v + 28. What is the units digit of p(v)?
1
Suppose 2*i = 2*p + 922, 18*i = 20*i + 4*p - 934. What is the hundreds digit of i?
4
Let k(t) = -t**2 + 7*t - 2. Let m be k(6). Let h be (1 - -5) + -2 + 4. What is the tens digit of (h/m - -16) + -1?
1
Let u be (-73)/(-9) + (-3)/27. Suppose -u*l + 93 = -715. What is the tens digit of l?
0
Suppose -4*j - 27 = -5*p - 2, j = 5*p - 25. Suppose j*q = -4*q + 8. Suppose 5*v + n - 113 = 81, 0 = q*v - n - 72. What is the tens digit of v?
3
Let w(o) = o**2 + 14*o + 45. Let h be w(-5). What is the tens digit of h - 4/((-12)/261)?
8
Let m be 2169/36 + 2/(-8). Suppose -4*f + 0*f + m = 0. Suppose -f = 8*y - 11*y. What is the units digit of y?
5
Let z = 281 + 409. What is the tens digit of z?
9
Suppose -3*m - 107 = -3*b - 656, 0 = 4*b + 3*m + 697. Let d = b + 264. What is the tens digit of d?
8
Suppose 72598 - 1324 = 21*q. What is the thousands digit of q?
3
Let v(w) = 15*w**2 - 8*w - 12. Let d be v(-4). Suppose 2668 = 14*f + d. What is the tens digit of f?
7
Let y(x) = 6*x**3 - 5*x**2 - 8*x + 27. What is the tens digit of y(5)?
1
Suppose 177 = 5*f - 2*f. Suppose -3*y - f = -4*y. What is the tens digit of y?
5
What is the hundreds digit of (9 - 1)*(-500)/(-8)?
5
Suppose -5*x = -3*k - 1446, 0 = 2*k - 5*k - 6. What is the units digit of x?
8
Suppose -4*g + 3713 = -475. What is the hundreds digit of g?
0
Let y(i) = 2*i**2 + i + 3. Let p be y(3). Let o be 201/4 - 6/p. Let v = o + -25. What is the tens digit of v?
2
Suppose 4*f - 3*a = 0, -4*f + 2*a = -2 - 2. Suppose -f*y - 5*u + 157 = 0, 2 = -u - u. What is the tens digit of y?
5
Let v = -826 - -550. Let g = -165 - v. What is the units digit of g?
1
Let x(d) = -d**3 - 5*d**2 + 5*d. Let m be x(-6). Suppose 4*a + m = 7*a. Suppose -5*z + a*h + 139 = -2*h, -2*z - 3*h = -74. What is the tens digit of z?
3
Let i be ((-2)/(-6))/(1/12). Suppose i*r - 59 = -3*v + 12, -2*r = 2*v - 46. What is the units digit of v?
1
Let f(w) = 11*w**2 + 29*w + 137. What is the units digit of f(-20)?
7
Let l(w) = -w**3 + 18*w**2 + 17*w + 28. Let u(c) = -c**3 + 17*c**2 + 17*c + 29. Let v(g) = 3*l(g) - 4*u(g). What is the units digit of v(16)?
8
Let j(q) = -q**3 - 6*q**2 - 5*q. Let n be j(-5). Suppose v = -n*v + 2*w + 53, -w + 38 = v. What is the units digit of v?
3
Let w be 106/(-8)*(-7 + 3). Let n = w + -17. Suppose 0 = -2*f - 2*f + n. What is the units digit of f?
9
Let p be (-6)/(-18) - (-107)/3. What is the units digit of 118/1*18/p?
9
Suppose 5*m - 9 = -134. Let v = -22 - m. Suppose -5*p + 0*u - u + 140 = 0, v*p = 2*u + 71. What is the tens digit of p?
2
Let y = 627 + 830. What is the units digit of y?
7
Let o = 46 - 76. Let p = o - -33. What is the units digit of p?
3
Let m(l) = -218*l**2 + 3*l + 5. Let i(u) = u**2 + 2*u + 1. Let f(b) = 3*i(b) - m(b). What is the hundreds digit of f(1)?
2
Suppose -5*a + 1799 = k, 5*k - 6628 - 2340 = 2*a. What is the units digit of k?
4
Let m(p) = -7*p**3 - 21*p**2 - 10*p - 42. What is the thousands digit of m(-9)?
3
Let n(s) = s**2 + 11*s - 8. Let k be 456/(-30) - (-1)/5. What is the tens digit of n(k)?
5
Suppose -4455 - 3365 = -17*c. What is the hundreds digit of c?
4
Suppose 0 = 4*o - 5*o + 44. Let d = -45 - -20. Let i = d + o. What is the units digit of i?
9
Let u be 1 - 2 - 1790/(-10). Suppose -3*l - 122 - 48 = -2*r, -2*r + 5*l = -u. What is the tens digit of r?
7
Let a = -22 + 19. What is the units digit of a/18 - (-217)/42?
5
Suppose 0 = s - 70 - 110. Suppose s = -3*n + 6*n. Suppose -4*t - 12 = 0, -t = 3*x - 4*t - n. What is the tens digit of x?
1
Suppose -x + 3 - 1 = 0. Suppose 13 = 5*i - 2*i + x*h, -i = 5*h - 13. Suppose 73 + 23 = 4*u - w, -2*u 